{"id":1301,"date":"2009-04-26T20:01:54","date_gmt":"2009-04-26T18:01:54","guid":{"rendered":"http:\/\/kenneldotcom.net\/?page_id=1301"},"modified":"2023-04-17T19:19:54","modified_gmt":"2023-04-17T17:19:54","slug":"news","status":"publish","type":"page","link":"https:\/\/kenneldotcom.net\/?page_id=1301","title":{"rendered":"News"},"content":{"rendered":"<p><strong>17.04.2023 Dot.com&#8217;s Ms.Marvel are mated to Price-spot&#8217;s Move Heaven and Earth. Hopefully we will have puppies around 21th of may 2023.<\/strong><\/p>\n<p><strong>01.07.2018 N Uch \u00a0<\/strong>Dot.Com\u2019s Keepsake are mated to N Uch \u00a0Toot\u2019s Look For A Star.<\/p>\n<p>We are expecting puppies 29th. of July 2018!<\/p>\n<p>04.06.2017 New norwegian champion Dot.Com&#8217;s Kilobyte got CC in Bod\u00f8 on saturday and sunday.<\/p>\n<p><strong>19.11.2016<\/strong> At NKK lillestr\u00f8m Dot.Com&#8217;s Kilobyte got CC and became 3rd. best bitch under judge Aase Jakobsen kennel Toots<\/p>\n<p><strong>06.06.16. <\/strong>Dot.Com&#8217;s Keepsake 3rd. best bitch and CC at NDK Drammen. Judge Arne Foss. She is now N Uch.<\/p>\n<p><strong>8.9.2015<\/strong> Updated Dot.Com&#8217;s Keepsake and Dot.Com&#8217;s Kilobyte<\/p>\n<div id=\"attachment_3610\" style=\"width: 506px\" class=\"wp-caption alignleft\"><a href=\"https:\/\/kenneldotcom.net\/wordpress\/wp-content\/uploads\/2009\/04\/Cirkaullershov.jpg\"><img loading=\"lazy\" decoding=\"async\" aria-describedby=\"caption-attachment-3610\" class=\"wp-image-3610\" src=\"https:\/\/kenneldotcom.net\/wordpress\/wp-content\/uploads\/2009\/04\/Cirkaullershov.jpg\" alt=\"Cirkaullershov\" width=\"496\" height=\"373\" srcset=\"https:\/\/kenneldotcom.net\/wordpress\/wp-content\/uploads\/2009\/04\/Cirkaullershov.jpg 700w, https:\/\/kenneldotcom.net\/wordpress\/wp-content\/uploads\/2009\/04\/Cirkaullershov-300x225.jpg 300w\" sizes=\"auto, (max-width: 496px) 100vw, 496px\" \/><\/a><p id=\"caption-attachment-3610\" class=\"wp-caption-text\">Best in show at the dalmatian spesialshow at Ullershov 4.9.15. Dot.Com&#8217;s Keepsake. Judge J\u00fcrgen Rotsch<\/p><\/div>\n<div id=\"attachment_3625\" style=\"width: 504px\" class=\"wp-caption alignnone\"><a href=\"https:\/\/kenneldotcom.net\/wordpress\/wp-content\/uploads\/2009\/04\/birbimgj\u00f8vik.jpg\"><img loading=\"lazy\" decoding=\"async\" aria-describedby=\"caption-attachment-3625\" class=\"wp-image-3625\" src=\"https:\/\/kenneldotcom.net\/wordpress\/wp-content\/uploads\/2009\/04\/birbimgj\u00f8vik.jpg\" alt=\"birbimgj\u00f8vik\" width=\"494\" height=\"306\" srcset=\"https:\/\/kenneldotcom.net\/wordpress\/wp-content\/uploads\/2009\/04\/birbimgj\u00f8vik.jpg 1000w, https:\/\/kenneldotcom.net\/wordpress\/wp-content\/uploads\/2009\/04\/birbimgj\u00f8vik-300x185.jpg 300w\" sizes=\"auto, (max-width: 494px) 100vw, 494px\" \/><\/a><p id=\"caption-attachment-3625\" class=\"wp-caption-text\">Gj\u00f8vik hundeklubb 23 august 2015 Judge : Helge Werner Hagen, 15 entered BOB CK, Ch. Price-Spot&#8217;s Cool Running BOS Dot.Com&#8217;s Keepsake<\/p><\/div>\n<div id=\"attachment_3592\" style=\"width: 517px\" class=\"wp-caption alignnone\"><a href=\"https:\/\/kenneldotcom.net\/wordpress\/wp-content\/uploads\/2009\/03\/birbimleto.jpg\"><img loading=\"lazy\" decoding=\"async\" aria-describedby=\"caption-attachment-3592\" class=\" wp-image-3592\" src=\"https:\/\/kenneldotcom.net\/wordpress\/wp-content\/uploads\/2009\/03\/birbimleto-1024x618.jpg\" alt=\"From left BOB Dot.Com's Keepsake and BOS Skv\u00e5 Matchmaker\" width=\"507\" height=\"306\" srcset=\"https:\/\/kenneldotcom.net\/wordpress\/wp-content\/uploads\/2009\/03\/birbimleto-1024x618.jpg 1024w, https:\/\/kenneldotcom.net\/wordpress\/wp-content\/uploads\/2009\/03\/birbimleto-300x181.jpg 300w, https:\/\/kenneldotcom.net\/wordpress\/wp-content\/uploads\/2009\/03\/birbimleto.jpg 2048w\" sizes=\"auto, (max-width: 507px) 100vw, 507px\" \/><\/a><p id=\"caption-attachment-3592\" class=\"wp-caption-text\"><strong>29.12.14.<\/strong>From left BOB Dot.Com&#8217;s Keepsake and BOS Skv\u00e5 Matchmaker. Dot.Com&#8217;s \u00a0Kilobyte 4th. best bitch<\/p><\/div>\n<p class=\"mceTemp mceIEcenter\" style=\"text-align: left;\"><strong>21.03.14.<\/strong> The K-litter has arrived! For more information look at &raquo;puppies&raquo;<\/p>\n<p class=\"mceTemp mceIEcenter\" style=\"text-align: left;\"><strong>02.03.14. Dot.Com&#8217;s Java Applet <\/strong>are HD free with A-hips. All in the J litter are HD free. Congratulation to the owners Jeanette and Anders!<\/p>\n<p class=\"mceTemp mceIEcenter\" style=\"text-align: left;\"><strong>16.01.14.<\/strong> <strong>Dot.Com&#8217;s Expect The Unexpected<\/strong> are now mated to <strong>Perdita&#8217;s Right On Time<\/strong>. We are hoping for puppies in the end og march 2014!<\/p>\n<p class=\"mceTemp mceIEcenter\" style=\"text-align: left;\"><strong>07.09.13.<\/strong><\/p>\n<div id=\"attachment_3510\" style=\"width: 604px\" class=\"wp-caption alignnone\"><a href=\"https:\/\/kenneldotcom.net\/wordpress\/wp-content\/uploads\/2009\/04\/birbimdag1tromso20131.jpg\"><img loading=\"lazy\" decoding=\"async\" aria-describedby=\"caption-attachment-3510\" class=\" wp-image-3510\" title=\"7.9.2013 NDK S\u00f8ndre Nordland Troms\u00f8 Judge Nenad Devic BOB Toot's Ice Ice Baby and BOS Ch Dot.Com's Just In Case \" src=\"https:\/\/kenneldotcom.net\/wordpress\/wp-content\/uploads\/2009\/04\/birbimdag1tromso20131.jpg\" alt=\"\" width=\"594\" height=\"334\" srcset=\"https:\/\/kenneldotcom.net\/wordpress\/wp-content\/uploads\/2009\/04\/birbimdag1tromso20131.jpg 1032w, https:\/\/kenneldotcom.net\/wordpress\/wp-content\/uploads\/2009\/04\/birbimdag1tromso20131-300x168.jpg 300w, https:\/\/kenneldotcom.net\/wordpress\/wp-content\/uploads\/2009\/04\/birbimdag1tromso20131-1024x576.jpg 1024w\" sizes=\"auto, (max-width: 594px) 100vw, 594px\" \/><\/a><p id=\"caption-attachment-3510\" class=\"wp-caption-text\"><strong>7.9.2013<\/strong> NDK S\u00f8ndre Nordland Troms\u00f8 Judge Nenad Devic BOB Toot&#8217;s Ice Ice Baby and BOS Ch Dot.Com&#8217;s Just In Case<\/p><\/div>\n<p class=\"mceTemp mceIEcenter\" style=\"text-align: left;\"><strong>\u00a0<\/strong><strong>27.7.13 <\/strong>We are hoping to have a litter in the end of september! Read more at puppies<\/p>\n<p class=\"mceTemp mceIEcenter\" style=\"text-align: left;\"><strong>18.05.13 Ch. Dot.Com&#8217;s Just In Case<\/strong> har v\u00e6rt p\u00e5 trippelutstilling i Troms\u00f8. Det ble en vellykket helg.<\/p>\n<p class=\"mceTemp mceIEcenter\" style=\"text-align: left;\"><strong>Fredag 14.6<\/strong> var det duket for NDK show 101 Troms\u00f8 der ble han BIM<\/p>\n<div id=\"attachment_3442\" style=\"width: 593px\" class=\"wp-caption alignnone\"><a href=\"https:\/\/kenneldotcom.net\/wordpress\/wp-content\/uploads\/2009\/04\/BIRBIM-NDK-show-101.jpg\"><img loading=\"lazy\" decoding=\"async\" aria-describedby=\"caption-attachment-3442\" class=\"wp-image-3442 \" src=\"https:\/\/kenneldotcom.net\/wordpress\/wp-content\/uploads\/2009\/04\/BIRBIM-NDK-show-101.jpg\" alt=\"NDK Show 101 Troms\u00f8 Judge: Irina Petrakova. BOB Offordale Ch Offordale Sapphire BOS Ch Dot.Com's Just In Case. Photo Irina Getmanova\" width=\"583\" height=\"389\" srcset=\"https:\/\/kenneldotcom.net\/wordpress\/wp-content\/uploads\/2009\/04\/BIRBIM-NDK-show-101.jpg 720w, https:\/\/kenneldotcom.net\/wordpress\/wp-content\/uploads\/2009\/04\/BIRBIM-NDK-show-101-300x200.jpg 300w\" sizes=\"auto, (max-width: 583px) 100vw, 583px\" \/><\/a><p id=\"caption-attachment-3442\" class=\"wp-caption-text\">NDK Show 101 Troms\u00f8 Judge: Irina Petrakova. BOB Offordale Ch Offordale Sapphire BOS Ch Dot.Com&#8217;s Just In Case. Photo Irina Getmanova<\/p><\/div>\n<p class=\"mceTemp mceIEcenter\" style=\"text-align: left;\"><strong>L\u00f8rdag 15.6<\/strong> var det Troms\u00f8 hundeklubb som arrangerte utstilling ogs\u00e5 denne dagen ble Daim BIM.<\/p>\n<p class=\"mceTemp mceIEcenter\" style=\"text-align: left;\"><strong>S\u00f8ndag 16.6 \u00a0<\/strong>var det NKK utstilling, der ble han uplassert i championklassen. Gratulere med fine resultater til eierne Irina og Svein!<\/p>\n<p class=\"mceTemp mceIEcenter\" style=\"text-align: left;\"><strong>10.05.13<\/strong> Vi s\u00f8ker forvert\/medeier\u00a0 til Dot.Com&#8217;s Here i Come &raquo;Kitty&raquo;. Hun er en trivelig og snill tispe som har v\u00e6rt uheldig og har hatt tre hjem p\u00e5 tre \u00e5r. Derfor \u00f8nsker jeg \u00e5 ha Kitty i n\u00e6rheten. Er du interessert i \u00e5 vite mer om ta kontakt p\u00e5 tlf. eller mail.<\/p>\n<p class=\"mceTemp mceIEcenter\" style=\"text-align: left;\"><strong>31.10.12 Dot.Com&#8217;s Java Applet <\/strong>ble 3 beste tispe for Wera Hubental s\u00f8ndag\u00a0 da NDK arrangerte utstilling i Letohallen. Gratulerer til flinke Jeanette som stilte henne!<\/p>\n<p class=\"mceTemp mceIEcenter\" style=\"text-align: left;\"><strong>3.9.12. Dot.Com&#8217;s Just In Case <\/strong>ble N UCH i Troms\u00f8 denne helga. Han tok storcertet ved NKK Troms\u00f8 2.9.12.. Fredag ble han BIR mens p\u00e5 l\u00f8rdagen ble han plassert som 3 BHK. Alle dagene med cert. Gratulerer til flinke eiere Irina og Svein!<\/p>\n<p class=\"mceTemp mceIEcenter\" style=\"text-align: left;\"><strong>23.6.12. Dot. Com&#8217;s Just In Case <\/strong>gjorde det bra p\u00e5 trippelutstilling i Troms\u00f8 helgen 6-8 juni.\u00a0 1xBIR, 1x BIM og 2 beste hannhund. Alle 3 utstillingene med cert. Gratulerer til eierne Svein og Irina og til Svein som er blitt en kl\u00f8pper i ringen med Daim:O)<\/p>\n<p class=\"mceTemp mceIEcenter\" style=\"text-align: left;\"><strong>23.6.12. <\/strong>Dot. Com&#8217;s Happy Go Lucky er HD r\u00f8ntget med A-hofter, gratulerer til eierne!<\/p>\n<p class=\"mceTemp mceIEcenter\" style=\"text-align: left;\"><strong>7.1.12. <\/strong>Dot.Com&#8217;s Jean-Luc Picard er HD r\u00f8ntget med A-hofter, gratulerer til eierne!<\/p>\n<p class=\"mceTemp mceIEcenter\" style=\"text-align: left;\"><strong>2.01.12. <\/strong>Dot. Com&#8217;s Just In Case er r\u00f8ntget med A-hofter, gratulere til Irina og Svein!<\/p>\n<p class=\"mceTemp mceIEcenter\" style=\"text-align: left;\"><strong>18.11.11. <\/strong>Dot.Com&#8217;s Java Script er HD r\u00f8ntget med A-hofter, gratulerer til eierne!<\/p>\n<p class=\"mceTemp mceIEcenter\" style=\"text-align: left;\"><strong>5.10.11. <\/strong>Da er to av hannene fra\u00a0&#8211; kullet r\u00f8ntget. Dot.Com&#8217;s Just My Style og Dot.Com&#8217;s Joystick. Begge med A-hofter. Gratulerer til eierne!<\/p>\n<p class=\"mceTemp mceIEcenter\" style=\"text-align: left;\"><strong>19.08.11. <\/strong>Her er ett nytt bilde av Dot.Com&#8217;s Hard Day&#8217;s Night som bor i Trondheim. P\u00e5 hundepensjonat\u00a0 der han leker sammen med Arthur<\/p>\n<div id=\"attachment_3382\" style=\"width: 610px\" class=\"wp-caption aligncenter\"><a href=\"https:\/\/kenneldotcom.net\/wordpress\/wp-content\/uploads\/2009\/04\/willy-og-Arthur.jpg\"><img loading=\"lazy\" decoding=\"async\" aria-describedby=\"caption-attachment-3382\" class=\"size-full wp-image-3382\" title=\"willy og Arthur\" src=\"https:\/\/kenneldotcom.net\/wordpress\/wp-content\/uploads\/2009\/04\/willy-og-Arthur.jpg\" alt=\"\" width=\"600\" height=\"335\" srcset=\"https:\/\/kenneldotcom.net\/wordpress\/wp-content\/uploads\/2009\/04\/willy-og-Arthur.jpg 600w, https:\/\/kenneldotcom.net\/wordpress\/wp-content\/uploads\/2009\/04\/willy-og-Arthur-300x167.jpg 300w\" sizes=\"auto, (max-width: 600px) 100vw, 600px\" \/><\/a><p id=\"caption-attachment-3382\" class=\"wp-caption-text\">Willy og Arthur<\/p><\/div>\n<p class=\"mceTemp mceIEcenter\" style=\"text-align: left;\"><strong>30.7.11. <\/strong>Dot.Com&#8217;s Expect The Unexpected will be mated in 2012<\/p>\n<p class=\"mceTemp mceIEcenter\" style=\"text-align: left;\"><strong>3.7.11. <\/strong>Updatet gallery J and E litter<\/p>\n<p class=\"mceTemp mceIEcenter\" style=\"text-align: left;\"><strong>6.6.11. <\/strong>Updated litters<\/p>\n<p class=\"mceTemp mceIEcenter\" style=\"text-align: left;\"><strong>20.10.10<\/strong> Updated G and J- litter Gallery<\/p>\n<p class=\"mceTemp mceIEcenter\" style=\"text-align: left;\"><strong>14.10.10<\/strong> Added a new link: <a title=\"Dot.Com's Joystick\" href=\"http:\/\/dotcomjoystick.blogspot.com\/\" target=\"_blank\" rel=\"noopener\">Dot.Com&#8217;s Joystick<\/a> at links<\/p>\n<p class=\"mceTemp mceIEcenter\" style=\"text-align: left;\"><strong>27.09.10<\/strong> Vi s\u00f8ker etter f\u00f4rvert\/medeier til Dot.Com&#8217;s Just My Style, vil du vite mer om avtalen ta kontakt<\/p>\n<p class=\"mceTemp mceIEcenter\" style=\"text-align: left;\"><strong>27.09.10<\/strong> Dot.Com&#8217;s Go With The Flow and Dot.Com&#8217;s Gold Digger are both x-rayed with A-hips!<\/p>\n<p class=\"mceTemp mceIEcenter\" style=\"text-align: left;\"><strong>27.09.10 <\/strong>Dot.Com&#8217;s Jean-Luc Picard &raquo;Albert&raquo; has now moved to his new home, we wish his owners good luck!<\/p>\n<p class=\"mceTemp mceIEcenter\" style=\"text-align: left;\"><strong>16.09.10<\/strong> Added Dot.Com&#8217;s Java Script &raquo;Peanut&raquo; at our dogs<\/p>\n<p class=\"mceTemp mceIEcenter\" style=\"text-align: left;\"><strong>16.09.10<\/strong> We have one male puppy\u00a0for sale. More information at puppies<\/p>\n<p class=\"mceTemp mceIEcenter\" style=\"text-align: left;\"><strong>21.07.10<\/strong> Updated F-litter at Gallery<\/p>\n<p class=\"mceTemp mceIEcenter\" style=\"text-align: left;\"><strong>18.07.10.<\/strong> Added the J-litter to the pages &raquo;litter&raquo;<\/p>\n<p class=\"mceTemp mceIEcenter\" style=\"text-align: left;\"><strong>16.07.10<\/strong> The puppies arrived 16.07.10 Read more\u00a0at &raquo;puppies&raquo;<\/p>\n<p class=\"mceTemp mceIEcenter\" style=\"text-align: left;\"><strong>11.07.10<\/strong>\u00a0Our J-kull is\u00a0\u00a0going to be born around 18.07.10. We still have a white\/black bitch for sale.<\/p>\n<p class=\"mceTemp mceIEcenter\" style=\"text-align: left;\"><span style=\"color: #000000;\"><span style=\"color: #888888;\"><span style=\"color: #000000;\"><strong>11.07.10<\/strong>\u00a0Finally some updates! \u00a0Updated C- og H\u00a0litters at Gallery with some new pictures<\/span><\/span><\/span><\/p>\n<p class=\"mceTemp mceIEcenter\" style=\"text-align: left;\"><span style=\"color: #000000;\"><span style=\"color: #888888;\"><span style=\"color: #000000;\"><strong>11.07.10<\/strong><\/span><\/span><\/span><\/p>\n<div id=\"attachment_2967\" style=\"width: 561px\" class=\"wp-caption aligncenter\"><a href=\"https:\/\/kenneldotcom.net\/wordpress\/wp-content\/uploads\/2009\/04\/heddapippiogkitty11.jpg\"><img loading=\"lazy\" decoding=\"async\" aria-describedby=\"caption-attachment-2967\" class=\"size-full wp-image-2967 \" title=\"3. generations: From right Svolv\u00e6rgeita's Unique Lady 11 year, her daughter Dot.Com's Carpe Diem 5 year, with her daughter Dot.Com's Here i Come \" src=\"https:\/\/kenneldotcom.net\/wordpress\/wp-content\/uploads\/2009\/04\/heddapippiogkitty11.jpg\" alt=\"3. generations: From right Svolv\u00e6rgeita's Unique Lady 11 year, her daughter Dot.Com's Carpe Diem 5 year, with her daughter Dot.Com's Here i Come \" width=\"551\" height=\"393\" srcset=\"https:\/\/kenneldotcom.net\/wordpress\/wp-content\/uploads\/2009\/04\/heddapippiogkitty11.jpg 680w, https:\/\/kenneldotcom.net\/wordpress\/wp-content\/uploads\/2009\/04\/heddapippiogkitty11-300x214.jpg 300w\" sizes=\"auto, (max-width: 551px) 100vw, 551px\" \/><\/a><p id=\"caption-attachment-2967\" class=\"wp-caption-text\">3. generations: From right Svolv\u00e6rgeita&#8217;s Unique Lady 11 year, her daughter Dot.Com&#8217;s Carpe Diem 5 year, with her daughter Dot.Com&#8217;s Here i Come<\/p><\/div>\n<p class=\"mceTemp mceIEcenter\" style=\"text-align: left;\"><span style=\"color: #000000;\"><span style=\"color: #888888;\"><span style=\"color: #000000;\"><strong>11.03.10<\/strong> Added a new page with pictures of the H-litter<strong>. <\/strong><a href=\"https:\/\/kenneldotcom.net\/?page_id=2536&amp;lang=en\" target=\"_self\" rel=\"noopener\"><strong>Link<\/strong><\/a><\/span><\/span><\/span><\/p>\n<p class=\"mceTemp mceIEcenter\" style=\"text-align: left;\"><span style=\"color: #000000;\"><span style=\"color: #888888;\"><span style=\"color: #000000;\"><strong>18.02.10<\/strong> Our H-litter\u00a0are now born \u00a05 bitches and 4 dogs. Read more at puppies<\/span><\/span><\/span><\/p>\n<p class=\"mceTemp mceIEcenter\" style=\"text-align: left;\"><span style=\"color: #000000;\"><span style=\"color: #888888;\"><span style=\"color: #000000;\"><strong>10.01.10<\/strong> Congratulation to the I-litter who are 9 years today!<\/span><\/span><\/span><\/p>\n<p class=\"mceTemp mceIEcenter\" style=\"text-align: left;\"><span style=\"color: #000000;\"><span style=\"color: #888888;\"><span style=\"color: #000000;\"><strong>10.01.10<\/strong> Updated &#8216;Gallery&raquo; G-litter<\/span><\/span><\/span><\/p>\n<p class=\"mceTemp mceIEcenter\" style=\"text-align: left;\"><span style=\"color: #000000;\"><span style=\"color: #888888;\"><span style=\"color: #000000;\"><strong>26.08.09<\/strong> Updated HD results F-litter<\/span><\/span><\/span><\/p>\n<p class=\"mceTemp mceIEcenter\" style=\"text-align: left;\"><span style=\"color: #000000;\"><span style=\"color: #000000;\"><span style=\"color: #000000;\"><span style=\"color: #888888;\"><span style=\"color: #000000;\"><strong>18.08.09 <\/strong>Added showresults and photos from WAFDAL 2009<\/span><\/span><\/span><\/span>\u00a0<\/span><\/p>\n<p class=\"mceTemp mceIEcenter\" style=\"text-align: left;\"><span style=\"color: #000000;\"><span style=\"color: #000000;\"><span style=\"color: #000000;\"><span style=\"color: #000000;\"><span style=\"color: #888888;\"><span style=\"color: #000000;\"><strong>09.08.09.<\/strong> Updated F and G- litter at Gallery<\/span><\/span><\/span><\/span><\/span><span style=\"color: #000000;\"><span style=\"color: #000000;\"><span style=\"color: #888888;\"><span style=\"color: #000000;\"><strong>\u00a0<\/strong><\/span><\/span><\/span><\/span>\u00a0<\/span><\/p>\n<p><span style=\"color: #888888;\"><span style=\"color: #000000;\">\u00a0<\/span><\/span><\/p>\n","protected":false},"excerpt":{"rendered":"<p>17.04.2023 Dot.com&#8217;s Ms.Marvel are mated to Price-spot&#8217;s Move Heaven and Earth. Hopefully we will have puppies around 21th of may 2023. 01.07.2018 N Uch \u00a0Dot.Com\u2019s Keepsake are mated to N Uch \u00a0Toot\u2019s Look For A Star. We are expecting puppies 29th. of July 2018! 04.06.2017 New norwegian champion Dot.Com&#8217;s Kilobyte got CC in Bod\u00f8 on [&hellip;]<\/p>\n","protected":false},"author":1001002,"featured_media":0,"parent":0,"menu_order":8,"comment_status":"closed","ping_status":"closed","template":"","meta":{"footnotes":""},"class_list":["post-1301","page","type-page","status-publish","hentry"],"_links":{"self":[{"href":"https:\/\/kenneldotcom.net\/index.php?rest_route=\/wp\/v2\/pages\/1301","targetHints":{"allow":["GET"]}}],"collection":[{"href":"https:\/\/kenneldotcom.net\/index.php?rest_route=\/wp\/v2\/pages"}],"about":[{"href":"https:\/\/kenneldotcom.net\/index.php?rest_route=\/wp\/v2\/types\/page"}],"author":[{"embeddable":true,"href":"https:\/\/kenneldotcom.net\/index.php?rest_route=\/wp\/v2\/users\/1001002"}],"replies":[{"embeddable":true,"href":"https:\/\/kenneldotcom.net\/index.php?rest_route=%2Fwp%2Fv2%2Fcomments&post=1301"}],"version-history":[{"count":136,"href":"https:\/\/kenneldotcom.net\/index.php?rest_route=\/wp\/v2\/pages\/1301\/revisions"}],"predecessor-version":[{"id":3762,"href":"https:\/\/kenneldotcom.net\/index.php?rest_route=\/wp\/v2\/pages\/1301\/revisions\/3762"}],"wp:attachment":[{"href":"https:\/\/kenneldotcom.net\/index.php?rest_route=%2Fwp%2Fv2%2Fmedia&parent=1301"}],"curies":[{"name":"wp","href":"https:\/\/api.w.org\/{rel}","templated":true}]}}